i).
3
Let l = 3 - 4. Let g = 3 + l. Suppose 5*j = q - 5, -g*j - j - 3*q + 15 = 0. Let n(s) = s**2 - s - 5. Determine n(j).
-5
Let h(a) = a**3 + 5*a**2 - 7*a - 1. Let d be (-15)/(-10)*(-14)/3. Let i(t) = t + 1. Let r be i(0). Let o = r + d. Calculate h(o).
5
Let v(d) be the second derivative of -2*d**3/3 + 3*d**2 + 3*d + 7. Suppose l - 8 = -l. Determine v(l).
-10
Let s(c) = c**2 + 6*c - 7. Let n be (-6)/42*41 - 1/7. Give s(n).
-7
Let c be 3/2*(8 + -4). Let f(w) = -w**2 + 8*w - 6. Determine f(c).
6
Let d(f) = -4*f**2 - 8*f - 7. Let v(z) = 3*z**2 + 7*z + 6. Let u = 1 + 0. Let t = 3 - u. Let b(x) = t*d(x) + 3*v(x). Determine b(-4).
0
Let p(u) = -8*u - 4*u**2 + 3*u**2 + 0 - 6. Determine p(-8).
-6
Let s(w) be the third derivative of -w**5/60 + w**4/12 + w**3/3 + 9*w**2. Give s(5).
-13
Let m(l) = 3*l**2 - 1. Let w(k) = -k - 1. Let h(i) = -m(i) + 2*w(i). What is h(-1)?
-2
Let l(r) = -2*r**2 - 4*r - 6. Let w(y) = -5*y**2 - 8*y - 11. Let s(x) = 5*l(x) - 3*w(x). Give s(-2).
15
Let n(p) = -8*p**3 + p**2 - 1. Suppose -18*y + 2 = -20*y. What is n(y)?
8
Suppose 3*s + 19 = 5*a, 4*s + 5 = -7. Let l(o) = -1 - a*o**2 - o**2 + 0*o**2 - o**2. What is l(-1)?
-5
Let x(m) = m**3 - 7*m**2 + 2*m - 8. Let c be x(7). Let w(b) = c - 4 + b**2 + 5*b - 2 - 6. Give w(-5).
-6
Let z(u) be the first derivative of 1 + 0*u + 13/2*u**2. Calculate z(1).
13
Let k(s) be the second derivative of s**4/24 + s**3/3 + 2*s**2 + 3*s. Let t(b) be the first derivative of k(b). Let u be 3/(((-30)/4)/5). What is t(u)?
0
Suppose 0*x - 62 = -x. Let w(z) = -x*z - 7*z**3 + z**2 - 1 - 2*z**2 + 64*z. Determine w(1).
-7
Let l(p) = 2*p - 5. Let c be (-4)/6 - 200/(-30). Determine l(c).
7
Let s(k) = -k**2 + 7*k - 3. Let a be s(7). Suppose -3*b = 2*b + 30. Let y(z) = -z - 8. Let g(h) = -2*h - 17. Let i(c) = b*g(c) + 13*y(c). What is i(a)?
1
Let c(u) be the first derivative of u**6/360 + u**5/24 - u**4/4 - 2*u**3/3 + 2. Let a(n) be the third derivative of c(n). Give a(-5).
-6
Let z(c) = -7*c + 13. Let n(t) = -3*t + 7. Let f(j) = 5*n(j) - 2*z(j). Determine f(6).
3
Let z = 9 - -2. Let b(j) = -7*j**2 + z - j**3 + 2*j - 5 + 4. Determine b(-7).
-4
Let y(d) = -d - 1. Let i(h) = -5*h - 4. Let x(j) = 2*i(j) - 9*y(j). What is x(-5)?
6
Let d(y) = -2 - 3*y**2 - 1 - 2*y**2 + y**3 + 5*y + 0*y**3. What is d(3)?
-6
Let g(n) = 3*n - 22. Let b be g(9). Let c be -1 - (-4 + (2 - 1)). Let l(x) = x**c - 5*x - 2 + 2 - 1. What is l(b)?
-1
Suppose 2*p - 2*q = 0, 0*p + 4*q - 28 = -3*p. Let g(t) = -2*t - 7. Let f be g(-6). Let m(d) = 9 - 3*d**3 - f*d**2 + 3*d - 4 + 2*d**3 + 2*d**3. Determine m(p).
1
Let k(c) = -c**3 + 4*c**2 + 4*c + 4. Let w(m) = m**2 - 7*m. Let r be w(6). Let z be 60/18*r/(-4). Give k(z).
-1
Suppose 16 = 2*i - 0*i + n, 2*i = 2*n + 4. Let x(k) = -3*k + 6. What is x(i)?
-12
Let u(b) = 2*b**2 + 3*b + 2. Let y be 380/(-7) - 8/(-28). Let x be y/(-8) - 2/(-8). Let f(l) = l**2 - 7*l - 2. Let c be f(x). Calculate u(c).
4
Let g(l) = -l**3 + 6*l**2 + 7. Let s(a) = 4*a**3 - 18*a**2 + a - 21. Let h(y) = 7*g(y) + 2*s(y). Give h(-5).
22
Let o(l) = l**2 - 9*l - 10. Suppose -5*y + 54 = 4*f, y = -5*f + 8 + 7. Let x be o(y). Let c(h) = -3*h - 2*h + 4*h. Calculate c(x).
0
Let y = -3 + 4. Let l(i) be the first derivative of 1 - 5/2*i**2 - i. Calculate l(y).
-6
Let a(s) = 3*s**2 + 2*s. Let q(f) = 4*f**2 + 3*f + 1. Let k(u) = 3*a(u) - 2*q(u). Let v be 6/(-4)*(-4)/6. Suppose -5*m = -9 - v. Give k(m).
2
Let o(x) = x**2 + 4*x + 2. Let j be -2*(2 + -3)*-2. Give o(j).
2
Let m(r) = -2*r. Suppose u = g - 9, -19 = u - 5*g + 2*g. Let o be 2 - (u/(-1) - 1). What is m(o)?
2
Suppose -5*l + 5 = -10. Let v(a) = -5*a**2 + 3*a**2 + a**3 + l*a**2 - 2*a. Let t be (-1)/3 + 10/(-6). What is v(t)?
0
Let i(m) = m**2 + 7 - 19*m + 41*m - 28*m. Calculate i(6).
7
Let h(x) = x**2 - 7*x + 4. Let q be h(6). Let b be (q/4)/(3/24). Let d(a) = -a**3 - 4*a**2 + 4. Determine d(b).
4
Let u(h) = -h - 1 + 2 - 5 + 3. Let m be u(2). Let w(i) = i**3 + 2*i**2 - 3*i. Determine w(m).
0
Let n = 17 - 13. Suppose -20 = -3*k + k. Let m be k/n*6/15. Let y(s) = 4*s. What is y(m)?
4
Let x(q) = -311 + 311 - 14*q**2. What is x(-1)?
-14
Let n(r) be the third derivative of -r**4/4 - r**3/6 + 10*r**2. Calculate n(2).
-13
Let g(s) be the third derivative of s**4/24 - s**2. Suppose -5*m - 16 = -71. Let k = m + -9. What is g(k)?
2
Let t(w) be the third derivative of w**6/120 - w**5/10 + 5*w**4/24 - 2*w**3/3 - 21*w**2. Let p(y) = -y**2 + 5. Let j be p(0). Calculate t(j).
-4
Let a be (7/(84/8))/2*9. Let d(y) be the third derivative of -1/30*y**5 + 0*y - 1/24*y**4 - 1/6*y**a + 1/120*y**6 - 2*y**2 + 0. Calculate d(3).
5
Let u(q) be the second derivative of q**4/12 - q**3/2 - 4*q**2 - q - 4. Give u(7).
20
Suppose 0 = -w - 4*y + 11, 0 = 2*w + 4*y - 3*y - 1. Let r(g) be the first derivative of g**3/3 + g**2 + 2. Determine r(w).
-1
Suppose -f - 2 = 1. Let q(n) = n**2 + 3*n - 4. Let u be q(f). Let w(j) = -4 + 1 - j - j. Calculate w(u).
5
Suppose -2*i = 2*r, 2*r + 0*r = 5*i - 21. Suppose -3*t - i = j - 4, -3 = -3*j - 3*t. Let w(z) = 6*z**3 + z**2 - 2*z + 1. Give w(j).
6
Let o(d) = -2*d**2 + d. Let j(r) = -r - 1. Let t be j(-6). Let m be 2/(((-10)/40)/(1/(-2))). Suppose t*q = q - m. Calculate o(q).
-3
Let b(w) = w**3 + 3*w**2 + w - 3. Let q = -35 + 32. Determine b(q).
-6
Suppose 21 - 5 = -4*u. Let s be 5/(10/u) + 6. Let k(v) = 5*v + 4*v**2 + 2*v + v**2 - 6*v**2 - s. What is k(5)?
6
Let c(l) = l**3 - 3*l**2 - l + 2. Let t be c(3). Let w(f) be the second derivative of 1/2*f**2 - 1/2*f**3 + 0 + 4*f. Give w(t).
4
Let m be 2/(-8) + 18/(-24). Let a(s) be the third derivative of s**2 + 0 - 1/20*s**5 + 0*s + 1/24*s**4 + 1/6*s**3. Give a(m).
-3
Let m be 208/91 - 2/7. Let w(l) = -5*l - 10*l**2 + 9*l**2 + m - 1. Calculate w(-4).
5
Let s(b) be the third derivative of 0*b + 6*b**2 + 0*b**3 + 0 + 1/30*b**5 + 7/120*b**6 + 1/24*b**4. Suppose 6 = -4*u + 2. Determine s(u).
-6
Let n be 10*7/((-175)/(-10)). Let x(g) = -g**3 + 3*g**2 + 3*g + 4. What is x(n)?
0
Let z(v) be the second derivative of v**4/6 - v**3/3 + v**2/2 + 8*v. Let q be 0 - 2*(-2)/(-4). Let h = q - -3. Determine z(h).
5
Let i(y) = -1 + y**2 + 3 - 3*y - 1 - y. Calculate i(3).
-2
Let d(n) = 12*n + 81. Let f be d(-7). Let b(t) be the first derivative of -t**4/4 - t**3 - t**2 + t + 2. Give b(f).
7
Let v(o) = -o**2 + 3*o + 6. Let t be v(4). Let p(x) = -3*x + 3. Let c(n) = 15*n - 15. Let r(m) = -2*c(m) - 11*p(m). Give r(t).
3
Let s = -10 - -5. Let a be 6 - (0 + 3) - 0. Let c(t) = -6*t**2 - t**a + t + 0 - 4*t - 3*t - 4. Calculate c(s).
1
Let q(t) be the first derivative of 2*t**3/3 - 3*t**2/2 - 3*t + 1. Give q(4).
17
Let t(q) = -q**3 + 4*q**2 - 3*q + 3. Let a(m) be the third derivative of -1/24*m**4 + 0*m + 2*m**3 + 0 - 3*m**2. Let n be a(9). What is t(n)?
3
Let g be -2 - (-3 - (-1 + -2)). Let w be 16/6*3/g. Let f(s) = -2*s**2 - 6*s - 5. What is f(w)?
-13
Let t(q) = -q**2 + 9*q - 6. Let i = -21 - -29. Let m be t(i). Suppose -b - m*b + 18 = 0. Let x(g) = 2*g - 6. Calculate x(b).
6
Let y(p) = p**2 + 4*p**2 + p - 4*p**2 + 1. Let c(f) = -f + 12. Let t be c(10). Let g be 6/9 + t/(-3). Give y(g).
1
Let f be 0 - -5 - (3 - 1). Suppose 1 = -0*m + m. Let s(d) = m + 2*d - 2 - 4*d + 2*d**2. Give s(f).
11
Let h = -6 - 0. Let w = h - -5. Let u(c) be the third derivative of c**5/15 - c**4/24 + c**2. Give u(w).
5
Let o(b) = b**3 + 2*b**2 - 2*b - 1. Let t be 4*((-1)/2 - 0). Let g be o(t). Let i be -2*g - (-9 + 7). Let f(q) = -q - 6. Determine f(i).
-2
Let p = 5 - 7. Let m = p + 10. Suppose -4*o + 12 + m = 0. Let b(c) = c**3 - 6*c**2 + 6*c - 7. What is b(o)?
-2
Let h(g) = 4*g - 2*g - 6 + g. Let u = -7 + 11. Calculate h(u).
6
Let o(t) = t - 11. Let p be o(13). Let b(m) be the second derivative of m - p*m**2 + 0*m**4 + 0 + 1/6*m**3 + 1/20*m**5. Give b(0).
-4
Let a(i) = i - 3*i**2 + 4 - 2 + 0*i**2 - i**3. Suppose 16*t - 19*t - 9 = 0. Determine a(t).
-1
Let n(u) = -u. Suppose 0*d - d + 1 = 0. Let b be (-3 - d - 0)*-1. Let q be 2/(1/(6/b)). Give n(q).
-3
Let r(s) = s - 1. Let k be 27/4 - 6/8. Let a = -8 + k. Let w = -1 - a. Give r(w).
0
Let f = -2 + 4. Let p(r) = 3 + 0*r**2 + 0 - r**3 - 9 - r**f. What is p(0)?
-6
Let a(b) = -3*b**2 - 2*b + 3. Let p(f) = -4*f**2 - 3*f + 2. Let z(t) = 2*a(t) - 3*p(t). Let q(k) = k**2 + k. Let c(d) = 11*q(d) - 2*z(d). Give c(0).
0
Let g = 69 + -68. Let